{"id":114,"date":"2020-09-01T13:39:06","date_gmt":"2020-09-01T11:39:06","guid":{"rendered":"https:\/\/ustaltermin.powiat.kielce.pl\/?page_id=114"},"modified":"2026-05-14T08:42:48","modified_gmt":"2026-05-14T06:42:48","slug":"starostwo-powiatowe-w-kielcach-2","status":"publish","type":"page","link":"https:\/\/ustaltermin.powiat.kielce.pl\/","title":{"rendered":"Starostwo Powiatowe w Kielcach"},"content":{"rendered":"\n<p class=\"has-text-align-center has-text-color has-larger-font-size\" style=\"color:#fe0303\"><strong>Zg\u0142oszenie zbycia pojazdu BEZ WIZYTY W STAROSTWIE!<\/strong><\/p>\n\n\n\n<ol start=\"1\" style=\"list-style-type:1\" class=\"wp-block-list\">\n<li><strong>Pojazd nabyty na terytorium Rzeczypospolitej Polskiej<\/strong><\/li>\n<\/ol>\n\n\n\n<p>Osoby, kt\u00f3re naby\u0142y pojazd na terytorium Rzeczypospolitej Polskiej obowi\u0105zane s\u0105 do z\u0142o\u017cenia wniosku o rejestracj\u0119 pojazdu w terminie 30 dni od daty nabycia.<\/p>\n\n\n\n<ol start=\"2\" style=\"list-style-type:1\" class=\"wp-block-list\">\n<li><strong>Pojazd sprowadzony z zagranicy<\/strong><\/li>\n<\/ol>\n\n\n\n<p>Osoby kt\u00f3re sprowadzi\u0142y pojazd z\u00a0 terytorium pa\u0144stwa cz\u0142onkowskiego Unii Europejskiej winny z\u0142o\u017cy\u0107 wniosek o rejestracj\u0119 pojazdu w terminie 30 dni od dnia sprowadzenia pojazdu, natomiast osoby, kt\u00f3re sprowadzi\u0142y pojazd z terytorium pa\u0144stwa nieb\u0119d\u0105cego pa\u0144stwem cz\u0142onkowskim w terminie 30 dni od dopuszczenia do obrotu przez organ Krajowej Administracji Skarbowej.<\/p>\n\n\n\n<p>3. <strong>Zbycie pojazdu zarejestrowanego na terytorium Rzeczypospolitej Polskiej<\/strong><\/p>\n\n\n\n<p>Osoby, kt\u00f3re sprzeda\u0142y pojazd zarejestrowany na terenie Rzeczypospolitej Polskiej obowi\u0105zane s\u0105 do zg\u0142oszenie zbycia pojazdu w terminie 30 dni od daty zbycia. Zbycie mo\u017cna zg\u0142osi\u0107 osobi\u015bcie w siedzibie starostwa, <strong>drog\u0105 elektroniczn\u0105 (e-Dor\u0119czenia<\/strong>)<strong>lub za po\u015brednictwem operatora pocztowego.<\/strong><\/p>\n\n\n\n<h2 class=\"wp-block-heading has-text-align-center\">Wydzia\u0142 Komunikacji<br>i Transportu<\/h2>\n\n\n\n<p><strong>Instrukcja rezerwacji wizyty<\/strong><br>Aby zarezerwowa\u0107 wizyt\u0119 nale\u017cy wybra\u0107 odpowiedni\u0105 grup\u0119 sprawy.<br>Po dokonaniu wyboru zostanie otwarte nowe okno, w kt\u00f3rym nale\u017cy post\u0119powa\u0107 zgodnie z instrukcj\u0105 tj.:<br><br>&#8211; zapozna\u0107 si\u0119 z tre\u015bci\u0105 regulaminu, dokona\u0107 jego akceptacji (brak akceptacji regulaminu jest r\u00f3wnoznaczny z brakiem mo\u017cliwo\u015bci rezerwacji wizyty za po\u015brednictwem Internetu),<br>&#8211; z kalendarza dokona\u0107 wyboru dnia wizyty wraz z okre\u015bleniem godziny spotkania.<br><br>Po wype\u0142nieniu wszystkich wymaganych p\u00f3l formularza i wybraniu przycisku \u201e<strong>Wy\u015blij<\/strong>\u201d wy\u015bwietli si\u0119 potwierdzenie Pa\u0144stwa rezerwacji.<\/p>\n\n\n\n<p>By doko\u0144czy\u0107 proces rejestracji, po wy\u015bwietleniu potwierdzenia nale\u017cy wybra\u0107 przycisk &#8220;<strong>Pobierz potwierdzenie rezerwacji<\/strong>&#8221; w celu wydrukowania rezerwacji lub zapisania w wersji elektronicznej.<\/p>\n\n\n\n<p><strong>UWAGA!<\/strong><\/p>\n\n\n\n<p><strong>Wygenerowane potwierdzenie wizyty nale\u017cy wzi\u0105\u0107 ze sob\u0105 w dniu wizyty w Starostwie<\/strong>, w formie wydruku, b\u0105d\u017a w wersji elektronicznej, np. na urz\u0105dzeniu mobilnym. Dokument nale\u017cy r\u00f3wnie\u017c okaza\u0107 w Wydziale Komunikacji i Transportu.<\/p>\n\n\n\n<p>Aby zrealizowa\u0107 wizyt\u0119 um\u00f3wion\u0105 internetowo nale\u017cy:<\/p>\n\n\n\n<ol class=\"wp-block-list\">\n<li>W dniu um\u00f3wionej wizyty stawi\u0107 si\u0119 w wybranej wcze\u015bniej plac\u00f3wce Starostwa <strong>najwcze\u015bniej 10&nbsp;minut przed um\u00f3wion\u0105 godzin\u0105.<\/strong> Nie stawienie si\u0119 na um\u00f3wion\u0105 godzin\u0119 spowoduje anulowanie rezerwacji.<\/li>\n\n\n\n<li>Uda\u0107 si\u0119 do wskazanego okienka w celu realizacji wizyty.<\/li>\n<\/ol>\n\n\n\n<p class=\"has-text-color\" style=\"color:#ff0505\"><strong>Pami\u0119taj, przed wizyt\u0105 w Starostwie:<\/strong><\/p>\n\n\n\n<p>Przed wizyt\u0105 w Starostwie prosimy o sprawdzenie czy posiadaj\u0105 Pa\u0144stwo wszelkie niezb\u0119dne dokumenty do zrealizowania Pa\u0144stwa wniosku.<\/p>\n\n\n\n<p class=\"has-text-color\" style=\"color:#ff2200;font-size:28px\"><a rel=\"noreferrer noopener\" href=\"https:\/\/bip.powiat.kielce.pl\/jak-zalatwic-sprawe\/karty-uslug-i-wzory-kt-wydzial-komunikacji-i-transportu\" target=\"_blank\"><span style=\"text-decoration: underline;\">Wykaz niezb\u0119dnych dokument\u00f3w<\/span><\/a><\/p>\n\n\n\n<p class=\"has-text-align-center has-larger-font-size\"><strong>Wybierz odpowiedni\u0105 grup\u0119 sprawy:<\/strong><\/p>\n\n\n\n<style>\n#customers {\n  font-family: Arial, Helvetica, sans-serif;\n  border-collapse: collapse;\n  width: 100%;\n background-color: white;\n}\n#customers th {\n  border: 1px solid black;\n  font-size: 16px;\n}\n#customers td {\n  border: 1px solid black;\n  font-size:14px;\n}\n#customers tr:nth-child(even){background-color: #white;}\n#customers tr:hover {background-color: #ddd;}\n#customers th {\n  padding-top: 12px;\n  padding-bottom: 12px;\n  \n  background-color: #048bd3;\n  color: white;\n}\n.btn-group .button {\n  background-color: #048bd3; \/* herb *\/\n  border: 2px solid white;\n  color: white;\n \n  text-align: center;\n  text-decoration: none;\n  font-size: 12px;\n  cursor: pointer;\n  width: 100%;\n  display: block;\n}\n.btn-group .button:not(:last-child) {\n  border-bottom: none; \/* Prevent double borders *\/\n}\n.btn-group .button:hover {\n  background-color: #fdcb08;\ncolor:#000000;\n}\n<\/style>\n<style type=\"text\/css\">\na {    \ntext-decoration: none;\n}\n<\/style>\n<center>\n<div class=\"btn-group\">\n<table id=\"customers\">\n  <tbody><tr>\n    <th><center>Wydzia\u0142 \/ Filia<\/center><\/th>\n\t<th style=\"width: 120px\"><center>Obs\u0142ugiwane gminy<\/center><\/th>\n    <th><center>Rodzaj sprawy<\/center><\/th>\n\t  \n  <\/tr>\n  \n  <tr>\n    <td> <center>Starostwo Powiatowe w&nbsp;Kielcach <\/center><\/td>\n\t<td style=\"font-size:12px\">\n\t\tCh\u0119ciny<br>\n\t\tDaleszyce<br>\n\t\tG\u00f3rno<br>\n\t\tMas\u0142\u00f3w<br>\n\t\tMiedziana G\u00f3ra<br>\n\t\tMorawica<br>\n\t\tNowiny<br>\n\t\tZagna\u0144sk<br>\n\t<\/td>\n    <td>\n \n \n <center><a href=\"https:\/\/ustaltermin.powiat.kielce.pl\/index.php\/starostwo-powiatowe-w-kielcach\">\n <button class=\"button\"> <center>I. Rejestracja pojazdu <\/center><\/button>\n \n \n   <\/a><a href=\"https:\/\/ustaltermin.powiat.kielce.pl\/index.php\/odbior-dowodu-rejestracyjnego\">\n  <button class=\"button\">I. Odbi\u00f3r dowodu rejestracyjnego<\/button>\n  \n  \n   <\/a><a href=\"https:\/\/ustaltermin.powiat.kielce.pl\/index.php\/dodatkowe-terminy-odbior-dowodu-rejestracyjnego-starostwo-powiatowe-w-kielcach\/\">\n  <button class=\"button\">I. Odbi\u00f3r dowodu rejestracyjnego &#8211; Dodatkowe Terminy<\/button>\n    \n\t<\/a><a href=\"https:\/\/ustaltermin.powiat.kielce.pl\/index.php\/inne-czynnosci-administracyjne-rejestracyjnego-starostwo-powiatowe-w-kielcach\">\n  <button class=\"button\">I. Inne czynno\u015bci administracyjne dot. hak, gaz, demonta\u017ce &#8211; z\u0142omowanie i inne<\/button><\/a><\/center>\n  \n  \n  \n  <\/a><\/center><\/td>\n  <\/tr>\n  <tr>\n    <td><center>Filia w&nbsp;Strawczynie<\/center><\/td>\n\t<td style=\"font-size:12px\">\n\t\t\n\t\t\u0141opuszno<br>\n\t\t\n\t\tStrawczyn<br>\n\t\n\t<\/td>\n    <td><a href=\"https:\/\/ustaltermin.powiat.kielce.pl\/index.php\/rejestracja-pojazdu-gmina-strawczyn\"> <\/a><center><a href=\"https:\/\/ustaltermin.powiat.kielce.pl\/index.php\/rejestracja-pojazdu-gmina-strawczyn\">\n  <button class=\"button\">II. Rejestracja pojazdu<\/button>\n    <\/a><a href=\"https:\/\/ustaltermin.powiat.kielce.pl\/index.php\/odbior-dowodu-rejestracyjnego-filia-w-strawczynie\/\">\n  <button class=\"button\">II. Odbi\u00f3r dowodu rejestracyjnego oraz inne czynno\u015bci administracyjne dot. hak, gaz, demonta\u017ce &#8211; z\u0142omowanie i inne<\/button><\/a><\/center><\/td>\n   \n  <\/tr>\n  <tr>\n    <td><center>Filia w&nbsp;Chmielniku<\/center><\/td>\n\t<td style=\"font-size:12px\">\n\t\t\n\t\tChmielnik<br>\n\t\tPierzchnica<br>\n\t<\/td>\n    <td><a href=\"https:\/\/ustaltermin.powiat.kielce.pl\/index.php\/rejestracja-pojazdu-dla-gminy-chmielnik\/\"> <\/a><center><a href=\"https:\/\/ustaltermin.powiat.kielce.pl\/index.php\/rejestracja-pojazdu-dla-gminy-chmielnik\/\">\n  <button class=\"button\">III. Rejestracja pojazdu<\/button>\n<\/a><a href=\"https:\/\/ustaltermin.powiat.kielce.pl\/index.php\/odbior-dowodu-rejestracyjnego-filia-w-chmielniku\/\">\n  <button class=\"button\">III. Odbi\u00f3r dowodu rejestracyjnego oraz inne czynno\u015bci administracyjne dot. hak, gaz, demonta\u017ce &#8211; z\u0142omowanie i inne<\/button><\/a><\/center><\/td>\n    \n  <\/tr>\n  <tr>\n    <td><center>Filia w Mniowie<\/center><\/td>\n\t<td style=\"font-size:12px\">\n\t\t\n\t\tMni\u00f3w<br>\n\t\t\n\t<\/td>\n    <td><a href=\"https:\/\/ustaltermin.powiat.kielce.pl\/index.php\/rejestracja-pojazdu-dla-gminy-mniow\/\"> <\/a><center><a href=\"https:\/\/ustaltermin.powiat.kielce.pl\/index.php\/rejestracja-pojazdu-dla-gminy-mniow\/\">\n  <button class=\"button\">IV. Rejestracja pojazdu <\/button>\n<\/a><a href=\"https:\/\/ustaltermin.powiat.kielce.pl\/index.php\/odbior-dowodu-rejestracyjnego-filia-w-mniowie\/\">\n  <button class=\"button\">IV. Odbi\u00f3r dowodu rejestracyjnego oraz inne czynno\u015bci administracyjne dot. hak, gaz, demonta\u017ce &#8211; z\u0142omowanie i inne<\/button>\n<\/a><\/center><\/td>\n      <\/tr>\n   \n   \n   \n   \n     <tr>\n    <td><center>Filia w Nowej S\u0142upi<\/center><\/td>\n\t<td style=\"font-size:12px\">\n\t\t\n\t\tNowa S\u0142upia<br>\n\t\t\n\t<\/td>\n    <td><a href=\"https:\/\/ustaltermin.powiat.kielce.pl\/index.php\/rejestracja-pojazdu-dla-gminy-nowa-slupia\/\"> <\/a><center><a href=\"https:\/\/ustaltermin.powiat.kielce.pl\/index.php\/rejestracja-pojazdu-dla-gminy-nowa-slupia\/\">\n  <button class=\"button\">V. Rejestracja pojazdu <\/button>\n<\/a>\n<a href=\"https:\/\/ustaltermin.powiat.kielce.pl\/index.php\/odbior-dowodu-rejestracyjnego-filia-w-nowej-slupi\/\">\n  <button class=\"button\">V. Odbi\u00f3r dowodu rejestracyjnego oraz inne czynno\u015bci administracyjne dot. hak, gaz, demonta\u017ce &#8211; z\u0142omowanie i inne<\/button>\n<\/a><a href=\"https:\/\/ustaltermin.powiat.kielce.pl\/index.php\/sroda-odbior-dowodu-rejestracyjnego-dla-gminy-lagow-2\/\">\n  <button class=\"button\">V. \u015aroda &#8211; Odbi\u00f3r dowodu rejestracyjnego oraz inne czynno\u015bci administracyjne dot. hak, gaz, demonta\u017ce &#8211; z\u0142omowanie i inne<\/button>\n<\/a><\/center><\/td>\n      <\/tr>\n   \n   \n   \n   <tr>\n    <td><center>Filia w \u0141agowie<\/center><\/td>\n\t<td style=\"font-size:12px\">\n\t\t\n\t\t\u0141ag\u00f3w<br>\n\t\t\n\t<\/td>\n    <td><a href=\"https:\/\/ustaltermin.powiat.kielce.pl\/index.php\/rejestracja-pojazdu-dla-gminy-lagow\/\"> <\/a><center><a href=\"https:\/\/ustaltermin.powiat.kielce.pl\/index.php\/rejestracja-pojazdu-dla-gminy-lagow\/\">\n  <button class=\"button\">VI. Rejestracja pojazdu <\/button>\n<\/a><a href=\"https:\/\/ustaltermin.powiat.kielce.pl\/index.php\/odbior-dowodu-rejestracyjnego-dla-gminy-lagow\">\n  <button class=\"button\">VI. Odbi\u00f3r dowodu rejestracyjnego oraz inne czynno\u015bci administracyjne dot. hak, gaz, demonta\u017ce &#8211; z\u0142omowanie i inne<\/button>\n<\/a><a href=\"https:\/\/ustaltermin.powiat.kielce.pl\/index.php\/sroda-odbior-dowodu-rejestracyjnego-dla-gminy-lagow\/\">\n  <button class=\"button\">VI. \u015aroda &#8211; Odbi\u00f3r dowodu rejestracyjnego oraz inne czynno\u015bci administracyjne dot. hak, gaz, demonta\u017ce &#8211; z\u0142omowanie i inne<\/button>\n<\/a><\/center><\/td>\n      <\/tr>\n   <tr>\n    <td><center>Filia w Bielinach<\/center><\/td>\n\t<td style=\"font-size:12px\">\n\t\t\n\t\tBieliny<br>\n\t\t\n\t<\/td>\n    <td><a href=\"https:\/\/ustaltermin.powiat.kielce.pl\/index.php\/rejestracja-pojazdu-dla-gminy-bieliny\/\"> <\/a><center><a href=\"https:\/\/ustaltermin.powiat.kielce.pl\/index.php\/rejestracja-pojazdu-dla-gminy-bieliny\/\">\n  <button class=\"button\">VII. Rejestracja pojazdu <\/button>\n<\/a><a href=\"https:\/\/ustaltermin.powiat.kielce.pl\/index.php\/odbior-dowodu-rejestracyjnego-dla-gminy-bieliny\">\n  <button class=\"button\">VII. Odbi\u00f3r dowodu rejestracyjnego oraz inne czynno\u015bci administracyjne dot. hak, gaz, demonta\u017ce &#8211; z\u0142omowanie i inne<\/button>\n<\/a>\n<a href=\"https:\/\/ustaltermin.powiat.kielce.pl\/index.php\/sroda-odbior-dowodu-rejestracyjnego-dla-gminy-bieliny\/\">\n  <button class=\"button\">VII. \u015aroda &#8211; Odbi\u00f3r dowodu rejestracyjnego oraz inne czynno\u015bci administracyjne dot. hak, gaz, demonta\u017ce &#8211; z\u0142omowanie i inne<\/button>\n<\/a>\n<\/center><\/td>\n      <\/tr>\n   <tr>\n    <td><center>Filia w Rakowie<\/center><\/td>\n\t<td style=\"font-size:12px\">\n\t\t\n\t\tRak\u00f3w<br>\n\t\t\n\t<\/td>\n    <td><a href=\"https:\/\/ustaltermin.powiat.kielce.pl\/index.php\/rejestracja-pojazdu-dla-gminy-rakow\/\"> <\/a><center><a href=\"https:\/\/ustaltermin.powiat.kielce.pl\/index.php\/rejestracja-pojazdu-dla-gminy-rakow\/\">\n  <button class=\"button\">VIII. Rejestracja pojazdu <\/button>\n<\/a><a href=\"https:\/\/ustaltermin.powiat.kielce.pl\/index.php\/odbior-dowodu-rejestracyjnego-dla-gminy-rakow\/\">\n  <button class=\"button\">VIII. Odbi\u00f3r dowodu rejestracyjnego oraz inne czynno\u015bci administracyjne dot. hak, gaz, demonta\u017ce &#8211; z\u0142omowanie i inne<\/button>\n<\/a>\n<a href=\"https:\/\/ustaltermin.powiat.kielce.pl\/index.php\/sroda-odbior-dowodu-rejestracyjnego-dla-gminy-rakow\/\">\n  <button class=\"button\">VIII. \u015aroda &#8211; Odbi\u00f3r dowodu rejestracyjnego oraz inne czynno\u015bci administracyjne dot. hak, gaz, demonta\u017ce &#8211; z\u0142omowanie i inne<\/button>\n<\/a>\n\n\n<\/center><\/td>\n      <\/tr>\n\t  \n\t    <tr>\n    <td><center>Filia w Bodzentynie<\/center><\/td>\n\t<td style=\"font-size:12px\">\n\t\t\n\t\tBodzentyn<br>\n\t\t\n\t<\/td>\n    <td><a href=\"https:\/\/ustaltermin.powiat.kielce.pl\/index.php\/rejestracja-pojazdu-dla-gminy-bodzentyn\"> <\/a><center><a href=\"https:\/\/ustaltermin.powiat.kielce.pl\/index.php\/rejestracja-pojazdu-dla-gminy-bodzentyn\">\n  <button class=\"button\">IX. Rejestracja pojazdu <\/button>\n<\/a><a href=\"https:\/\/ustaltermin.powiat.kielce.pl\/index.php\/odbior-dowodu-rejestracyjnego-dla-gminy-bodzentyn\/\">\n  <button class=\"button\">IX. Odbi\u00f3r dowodu rejestracyjnego oraz inne czynno\u015bci administracyjne dot. hak, gaz, demonta\u017ce &#8211; z\u0142omowanie i inne<\/button>\n<\/a><\/center><\/td>\n<\/tr>\n    <tr><td><center>Filia w Piekoszowie<\/center><\/td>\n\t<td style=\"font-size:12px\">\n\t\t\n\t\tPiekosz\u00f3w<br>\n\t\t\n\t<\/td>\n    <td><a href=\"https:\/\/ustaltermin.powiat.kielce.pl\/index.php\/rejestracja-pojazdu-dla-gminy-piekoszow\/\"> <\/a><center><a href=\"https:\/\/ustaltermin.powiat.kielce.pl\/index.php\/rejestracja-pojazdu-dla-gminy-piekoszow\/\">\n  <button class=\"button\">X. Rejestracja pojazdu <\/button>\n<\/a><a href=\"https:\/\/ustaltermin.powiat.kielce.pl\/index.php\/odbior-dowodu-rejestracyjnego-dla-gminy-piekoszow\/\">\n  <button class=\"button\">X. Odbi\u00f3r dowodu rejestracyjnego oraz inne czynno\u015bci administracyjne dot. hak, gaz, demonta\u017ce &#8211; z\u0142omowanie i inne<\/button>\n<\/a><\/center><\/td>\n      \n  <\/tr>\n  \n \n      \n<\/tbody><\/table>\n<br><br>\n Referat Praw Jazdy <br>\n  \n  _____________________________________ <p>\n<br>\n  <\/p><table id=\"customers\">\n \n \n<tbody><tr>\n    <td><center>Starostwo Powiatowe w Kielcach <\/center><\/td>\n\t<td style=\"font-size:12px\">\n\t\t\n\t\tWszystkie gminy Powiatu Kieleckiego<br>\n\t\t\n\t<\/td>\n    <td><a href=\"https:\/\/ustaltermin.powiat.kielce.pl\/index.php\/odbior-prawa-jazdy-starostwo-powiatowe-w-kielcach\/\"> <\/a><center><a href=\"https:\/\/ustaltermin.powiat.kielce.pl\/index.php\/odbior-prawa-jazdy-starostwo-powiatowe-w-kielcach\/\">\n  <button class=\"button\">XI. Odbi\u00f3r prawa jazdy<\/button>\n<\/a><a href=\"https:\/\/ustaltermin.powiat.kielce.pl\/index.php\/rezerwacja-terminu-prawo-jazdy-starostwo-powiatowe-w-kielcach\/\">\n  <button class=\"button\">XI. Wnioski dotycz\u0105ce prawa jazdy, profil kierowcy oraz inne czynno\u015bci administracyjne dot. prawa jazdy<\/button>\n  <\/a>\n  \n  \n<\/a><\/center><\/td>\n      <\/tr>\n<\/tbody><\/table>\n<\/div><\/center>\n","protected":false},"excerpt":{"rendered":"<p>Zg\u0142oszenie zbycia pojazdu BEZ WIZYTY W STAROSTWIE! Osoby, kt\u00f3re naby\u0142y pojazd na terytorium Rzeczypospolitej Polskiej obowi\u0105zane s\u0105 do z\u0142o\u017cenia wniosku o rejestracj\u0119 pojazdu w terminie 30 dni od daty nabycia. Osoby kt\u00f3re sprowadzi\u0142y pojazd z\u00a0 terytorium pa\u0144stwa cz\u0142onkowskiego Unii Europejskiej winny z\u0142o\u017cy\u0107 wniosek o rejestracj\u0119 pojazdu w terminie 30 dni od dnia sprowadzenia pojazdu, natomiast [&hellip;]<\/p>\n","protected":false},"author":1,"featured_media":0,"parent":0,"menu_order":0,"comment_status":"closed","ping_status":"closed","template":"templates\/template-full-width.php","meta":{"footnotes":""},"class_list":["post-114","page","type-page","status-publish","hentry"],"_links":{"self":[{"href":"https:\/\/ustaltermin.powiat.kielce.pl\/index.php\/wp-json\/wp\/v2\/pages\/114","targetHints":{"allow":["GET"]}}],"collection":[{"href":"https:\/\/ustaltermin.powiat.kielce.pl\/index.php\/wp-json\/wp\/v2\/pages"}],"about":[{"href":"https:\/\/ustaltermin.powiat.kielce.pl\/index.php\/wp-json\/wp\/v2\/types\/page"}],"author":[{"embeddable":true,"href":"https:\/\/ustaltermin.powiat.kielce.pl\/index.php\/wp-json\/wp\/v2\/users\/1"}],"replies":[{"embeddable":true,"href":"https:\/\/ustaltermin.powiat.kielce.pl\/index.php\/wp-json\/wp\/v2\/comments?post=114"}],"version-history":[{"count":97,"href":"https:\/\/ustaltermin.powiat.kielce.pl\/index.php\/wp-json\/wp\/v2\/pages\/114\/revisions"}],"predecessor-version":[{"id":1199,"href":"https:\/\/ustaltermin.powiat.kielce.pl\/index.php\/wp-json\/wp\/v2\/pages\/114\/revisions\/1199"}],"wp:attachment":[{"href":"https:\/\/ustaltermin.powiat.kielce.pl\/index.php\/wp-json\/wp\/v2\/media?parent=114"}],"curies":[{"name":"wp","href":"https:\/\/api.w.org\/{rel}","templated":true}]}}